x + 2. Let t be n(-4). Suppose -4*a + 22 = m - 8*a, -t*a = -5*m + 146. What is the highest common divisor of m and 270?
30
Let p be 14/(-63) + (-11)/(-9). Let i be (-13 + 12)/(p/(-159)). Let z = i - 89. What is the highest common divisor of z and 14?
14
Suppose -c - 5 = -0. Let d be (-4)/(-10) - (-57)/c. Let p(h) = -h**3 - 12*h**2 - 13*h - 10. Let v be p(d). Calculate the greatest common divisor of 6 and v.
6
Suppose -3*q + 53 = 5*j - 15, 4*j - 44 = -5*q. Let r be (-6)/(8/(-16) - (-1 + 2)). What is the highest common factor of j and r?
4
Let k = 12 - 9. Let j(x) = -x - k - 3*x**2 + 6*x + 4*x**2. Let t be j(-6). What is the greatest common factor of t and 3?
3
Suppose 6*w + 5 = b + 10*w, 4*w - 41 = -5*b. Let z = -19 - 1. Let f = z - -29. What is the highest common factor of f and b?
9
Let r = 2069 - 1799. What is the greatest common divisor of 6 and r?
6
Let g(b) = 23*b**2 + b. Let d be g(-1). Let w = 27 + -31. Let r be 18/w*(-66)/9. What is the greatest common factor of r and d?
11
Let l be 3 + 1 + (-10)/10. Suppose -18 + 21 = l*j. Calculate the greatest common divisor of j and 2.
1
Let g(m) = 3*m**2 + 6*m. Let a be g(-4). What is the highest common factor of 3 and a?
3
Let c = 182 - 2. Suppose -9*q + 14*q - 360 = 0. What is the greatest common divisor of c and q?
36
Let d = 143 + -135. Calculate the highest common divisor of 20 and d.
4
Let w(p) be the third derivative of p**4/24 + 13*p**3/3 - 9*p**2. Let s be w(-13). Let b = 73 - s. Calculate the greatest common factor of 15 and b.
15
Let d be 18/(-5*(-8)/340). Calculate the highest common divisor of d and 85.
17
Let t be (-2)/(-8) + (-3508)/16 + -2. Let i = 285 - t. What is the greatest common factor of i and 46?
46
Suppose 3*x + 135 = 8*x. Let c be 41*(4 + (1 - 4)). Let g = c + -38. What is the greatest common factor of g and x?
3
Suppose -103*y - 3010 = -113*y. Calculate the highest common factor of y and 86.
43
Let l(v) = 3*v - 48. Suppose 5*d = c + 5, 2*c = c + 4*d. Let j be l(c). Calculate the highest common factor of 4 and j.
4
Suppose 9 = -2*a - 5*h, -5*h = -10*a + 5*a + 65. Suppose -r + 1 = 2. Let d = r + a. Calculate the highest common divisor of 63 and d.
7
Suppose -3*w + 23 = -2*l, -4*l = l + 2*w + 86. Let z = l - -5. Let a = z + 13. Calculate the highest common factor of 22 and a.
2
Suppose -5*k - 91 = -2*o, -k = -9*o + 7*o + 79. Calculate the greatest common factor of 16 and o.
2
Suppose 3*i + 3 = 69. Let k be 33/9*15/1. What is the greatest common factor of i and k?
11
Suppose 0 = 3*k - 3*l + l - 42, 0 = -3*k - 4*l + 60. Calculate the greatest common factor of k and 40.
8
Suppose 2*d = -2 + 4, 4*d - 2 = w. Let v(n) = n**3 + 2*n**2 - n + 1. Let r be v(w). Let c = 206 + -203. Calculate the highest common divisor of r and c.
3
Suppose 5 = 3*t - 4. Let v = 483 - 484. Let x be (-50 - 2 - t)*v. Calculate the highest common factor of 22 and x.
11
Let n be ((-10)/4)/((-6)/12). Suppose -2*r = n*x + 7 - 75, 3*r - 102 = -5*x. Calculate the greatest common divisor of 272 and r.
34
Let f be -57*(-1)/(0 - 1). Let y = f - -69. What is the greatest common factor of y and 60?
12
Let k(p) = p**3 - 9*p**2 - p - 5. Let x be k(7). Let l = -58 - x. What is the highest common factor of l and 260?
52
Suppose -8108 = -22*k + 4828. What is the greatest common factor of 56 and k?
28
Suppose -6*k + 12 = -2*k. Let q(a) = -5*a + 9. Let r be q(k). Let d(g) = -2*g**3 - 6*g**2 - 6*g. Let j be d(r). What is the greatest common divisor of 28 and j?
28
Let o be (1 + 1)/(2/4). Let y = -25 - -234. Suppose 65 = -4*n + y. Calculate the greatest common factor of n and o.
4
Let t(f) = -2*f**3 - 11*f**2 + 8*f + 3. Let n be t(-8). Calculate the greatest common factor of 7 and n.
7
Let v be 8/(40/(-3))*-25. Calculate the highest common factor of 480 and v.
15
Suppose 6*x = 332 + 124. What is the greatest common divisor of 171 and x?
19
Let h be 10/8 + (-2 - 1100/(-16)). Calculate the greatest common divisor of 44 and h.
4
Let r be -3 - -2 - (-1)/(-1). Let i be (-4 + 5)/(r/(-4)). Suppose 3*z - 72 = -4*n, i*n = -z + 30 - 6. Calculate the greatest common factor of z and 24.
24
Let b(s) = s**2 - 6*s - 4. Let z be b(7). Suppose -4 = -z*l + 14. Calculate the highest common factor of l and 54.
6
Suppose 32*j = 762 + 518. Calculate the greatest common divisor of 5 and j.
5
Let i be 1/5 + (-6)/30. Suppose 5*r - 30 + 15 = i. Suppose f = 4*p + 26, -3*p - 4 + 1 = 2*f. What is the highest common factor of r and f?
3
Let k = 938 - 561. What is the greatest common divisor of k and 39?
13
Suppose 23*u - 76 + 30 = 0. Calculate the highest common divisor of 3 and u.
1
Suppose -j + 3 = 0, 5*d - 2*d = 4*j. Suppose -d*o + 5*o = 4. Calculate the greatest common factor of o and 2.
2
Let m(y) = -y**3 - 4*y**2 - 10*y - 6. Let g be m(-3). What is the greatest common factor of 105 and g?
15
Suppose -2*b + 3*z + 1593 = 0, -9*z - 4011 = -5*b - 11*z. What is the highest common divisor of b and 178?
89
Suppose -a - 60 = -13*a. Suppose 2*q = -3*h + 71, a*h - 3*h = 4*q - 118. What is the highest common divisor of 217 and q?
31
Let g(l) = l**3 + 8*l**2 - 36. Let k be g(-6). Calculate the greatest common factor of k and 54.
18
Let f be (71/2)/(3/(-6)). Let m = f + 74. Let d = 52 + -28. What is the highest common factor of d and m?
3
Suppose -3*c - 15*x + 20*x = -47, 135 = 5*c + 3*x. What is the highest common divisor of c and 18?
6
Let j(c) = -c**3 + 19*c**2 - 16*c + 24. Let v be j(18). Calculate the greatest common divisor of 204 and v.
12
Suppose -2333 - 23 = -38*s. Calculate the greatest common divisor of s and 1581.
31
Let k be ((-1 - -7) + -3)*1. Let o(l) = 7*l. Let r be o(k). Let u = -13 + r. What is the greatest common factor of 32 and u?
8
Let m(i) be the third derivative of -i**6/120 + i**5/60 + 50*i**3/3 + 19*i**2. Let t be m(0). What is the greatest common divisor of 25 and t?
25
Let p(i) = i**3 + 18*i**2 + 20*i + 6. Let g be (1 - 16)*1 + -1. Let o be p(g). Calculate the highest common factor of o and 18.
18
Suppose -2 = 3*j - 8. Let g be (-5)/(j/(-3)*3/12). Calculate the greatest common factor of g and 50.
10
Let x(f) = -17*f - 41. Let h be x(-3). Calculate the greatest common divisor of h and 3.
1
Let i be (23/(-6))/(10/(-180)). Suppose 0 = -l + 5, 0 = -3*t + 4*l - l + 54. What is the greatest common divisor of i and t?
23
Suppose -5*t + 8*t - 407 = 5*k, -4*t = k - 512. Calculate the greatest common factor of 12 and t.
3
Let n be 6594/7 - 4/(-4). What is the greatest common divisor of n and 41?
41
Let p be 9 + -2 - (-27 + -1). Calculate the greatest common factor of p and 2135.
35
Suppose -2088 = 47*m - 55*m. What is the highest common divisor of 27 and m?
9
Let y = -35 - -37. Suppose 0 = -q - 3*o + y*o + 74, -3*q + 226 = 5*o. Calculate the greatest common divisor of q and 8.
8
Let b(o) = 10*o + 49. Let j be b(-9). Let p = -30 - j. What is the highest common factor of p and 55?
11
Let k(l) = -l + 7. Let v be k(-8). Suppose 493 = 7*i - 242. What is the greatest common factor of v and i?
15
Suppose 4*o - 4*p - 148 - 48 = 0, 0 = -3*o + p + 141. Suppose 8*i + o = 142. Calculate the highest common factor of 36 and i.
12
Let t(j) = 12 + 7*j + j + 11 - 3*j. Let c be t(13). Calculate the greatest common factor of 11 and c.
11
Suppose 0 = j - 134 + 118. Calculate the greatest common divisor of 6 and j.
2
Suppose -20 = -3*s - 2*y, 20 = 4*s + 7*y - 3*y. What is the highest common divisor of 110 and s?
10
Let r = -18668 + 18680. Suppose 78 = -3*a + 7*a - 3*y, -2*y = -a + 22. What is the greatest common factor of r and a?
6
Let c = -242 + 397. Calculate the greatest common divisor of c and 31.
31
Suppose 3*f + 18 = 96. Suppose -3*y - 2*k = -k - 13, 5*k = 2*y + 31. Calculate the highest common divisor of y and f.
2
Let y(k) = -k**3 + 12*k**2 + 16*k - 34. Let s be y(13). Suppose -2*l + s*b - 3 = -4*l, 0 = -3*l + 5*b + 42. Calculate the greatest common divisor of 9 and l.
9
Let c be (-67 + 1)/(2/(-2)). Suppose 25*a - 13*a - 72 = 0. Let m(s) = -s**2 + 2*s + 35. Let f be m(a). Calculate the greatest common factor of c and f.
11
Let r be (-1 - 308/8)/(3/(-24)). Calculate the greatest common factor of r and 4.
4
Suppose 2*z = 7 + 33. Suppose 4*b = i - 90, 0 = 3*i + i - 5*b - 382. Let s = i + -58. What is the highest common divisor of z and s?
20
Suppose -61